et a = 20 + -21. Let g(b) = 41*b**2 - 2*b - 2. What is the remainder when g(a) is divided by 14?
13
Let b = 95 - 89. Let t(i) = -i - 14. Calculate the remainder when b is divided by t(-18).
2
Suppose 4*t = w + 17, 5*t + 2*w + 3*w = -10. Suppose t*q + 195 = 6*q. What is the remainder when q is divided by 22?
21
What is the remainder when 226/4 + (-54)/(-36) is divided by 6?
4
Suppose 4*u - f - 22 = 26, 0 = 5*u - 2*f - 57. Suppose 4*b - m - 2*m - 154 = 0, 5*b - m = 187. Calculate the remainder when b is divided by u.
11
Suppose 2*f = -l + 19, -47 + 22 = 5*l. Calculate the remainder when 129 is divided by f.
9
Suppose -2*n + 3 = 5*p - 31, 3*n - p - 34 = 0. Let o = -100 - -42. What is the remainder when 8*(-3 + o/(-8)) is divided by n?
10
Let q(l) = -l**3 - 2*l**2 - l - 2. Suppose 8*d - 94 = 34. What is the remainder when d is divided by q(-3)?
6
Let o be 1 + (2 + 10)/(-2). Let b(z) be the first derivative of z**4/4 + 2*z**3 - z**2/2 - 3*z + 6. Calculate the remainder when b(o) is divided by 10.
7
Let n be ((-10)/30)/((-1)/(-6)). Let v be ((-64)/n - 1)*3. Suppose -z = 2*z - v. What is the remainder when z is divided by 16?
15
Suppose 0 = -8*v + 9*v - 1. Suppose 5*q = 14 + v. Suppose -36 = -5*c + q*c - 3*g, 3*c - 2*g = 54. What is the remainder when c is divided by 5?
3
Suppose 0 = 5*w + 89 - 24. Let i(m) = m**3 + 13*m**2 - m - 2. What is the remainder when i(w) is divided by 7?
4
Suppose 0 = -s - 3*n + 2 + 81, -2*s = -5*n - 188. What is the remainder when s is divided by 41?
7
Let h(n) = -n. Let y be h(0). Suppose f - 18 + 5 = y. Suppose 4*z + f = 2*x - 7, 22 = x + 2*z. What is the remainder when 47 is divided by x?
15
Suppose -l - 5*n = -116, 8*n - 10*n = 3*l - 335. Calculate the remainder when l is divided by 29.
24
Let y(z) = -z**2 + z + 5. Let c be y(0). Suppose -c = 5*w + 20. Let j(n) = 2*n**2 + 5*n - 2. Calculate the remainder when 43 is divided by j(w).
20
Let v(l) = l - 6. Let o be v(13). Suppose 4*m = -9 - o, -5*b + 171 = -4*m. Let f = b + -10. What is the remainder when f is divided by 8?
5
Calculate the remainder when (-3555)/(-60) + (9/12 - 1) is divided by 53.
6
Suppose 2*a = -4*i - a + 86, 5*i - 92 = 4*a. Let z = 38 - 27. Suppose 3*n - 100 = z. What is the remainder when n is divided by i?
17
Let z(r) = r**2 + 5*r - 4. Let u be ((-4)/2)/(-4)*-16. Calculate the remainder when (-831)/(-21) - u/(-14) is divided by z(-8).
19
Calculate the remainder when (5 - 1)*(-7)/(-56)*108 is divided by 12.
6
Calculate the remainder when ((-2)/(-7))/(4/3794) is divided by 39.
37
Suppose 0 = -5*b - 67 + 217. Let d = 266 - 186. Suppose -7*k = -2*k - d. What is the remainder when b is divided by k?
14
Let x(l) = -6*l**2 - 55*l + 20. Let c(u) = 2*u**2 + 18*u - 7. Let v(w) = -7*c(w) - 2*x(w). Let q = -12 + 20. What is the remainder when v(-7) is divided by q?
7
Let b = 563 + -395. What is the remainder when b is divided by 90?
78
Let i(r) = 38*r - 133. Calculate the remainder when i(11) is divided by 36.
33
Let j(d) = -103*d + 2172. Let w be (-1)/(-2) - (-126)/4. Suppose -3*r = -2*r - w. What is the remainder when r is divided by j(21)?
5
Let w(a) = -a**2 - 8*a - 10. Let p be w(-6). Suppose m = -3*q + 81 + 148, -292 = -4*q + p*m. What is the remainder when q is divided by 19?
18
Let k(j) = j**3 - 11*j**2 + 13*j - 11. Let s be k(10). What is the remainder when s - 6*(-1)/2 is divided by 4?
2
Suppose -27*z = -12*z - 285. Calculate the remainder when 1 + -1 + 112/2 is divided by z.
18
Suppose -21*s = -17*s - 744. What is the remainder when s is divided by 19?
15
Let p(h) = -35*h - 1. Let l = -756 - -792. What is the remainder when p(-3) is divided by l?
32
Suppose -9*j + 30 = j. Suppose 2*a - 6*a = -3*o + 592, -j*o + 585 = 3*a. Calculate the remainder when o is divided by 50.
46
Calculate the remainder when 438 is divided by (67 + -101)/((-2)/6).
30
Let j = 12 + -5. Suppose -190 = 2*x + 50. What is the remainder when j is divided by 6/(-45) + (-376)/x?
1
Suppose 0 = 3*x - x, -i + 4*x + 2 = 0. Suppose -185 - 37 = -i*l. Suppose l = 5*c - 4. What is the remainder when 90 is divided by c?
21
Let i(b) = b**3 - 11*b**2 + 12*b - 2. Let u(l) = l**3 - 16*l**2 + 10. Let s be u(16). Calculate the remainder when 65 is divided by i(s).
11
Let u(r) = -2*r**3 + r**2 - 6*r - 151. What is the remainder when u(-8) is divided by 246?
1
Suppose -2*v - d + 45 = 0, -d = -0*d - 5. Calculate the remainder when 72 is divided by v.
12
Suppose 8*h + 1267 = 4307. Calculate the remainder when h is divided by 35.
30
Let i = 335 + -176. Calculate the remainder when i is divided by 40.
39
Let h be 0/(-3*(3 + (-7)/3)). Suppose t + n = -3 + 34, h = 5*t + 4*n - 157. What is the remainder when t is divided by 13?
7
Let p = 12 - 26. Let c(g) = g + 17. Let u be c(p). Suppose 5*k + 5*j + 23 = u*k, 2*k - 12 = 2*j. What is the remainder when 2 is divided by k?
0
Let n(b) = -b - 2. Let s(q) = q**2 + 7*q - 3. Suppose -15 = -7*w - 71. What is the remainder when s(w) is divided by n(-4)?
1
Let w(v) = 180*v**2 - 2*v + 1. Let u be w(1). Suppose 5*r - u = 46. Calculate the remainder when r is divided by 12.
9
Let c(v) = -v**3 + 12*v**2 - 20*v + 26. What is the remainder when c(8) is divided by 34?
20
Let a(p) = 2*p. Let q be a(-3). Calculate the remainder when (q/9)/(-2 + 120/63) is divided by 2.
1
Let t(v) = 52*v - 88. What is the remainder when 187 is divided by t(3)?
51
Let u = 242 + -165. Let r = -114 + 165. Let j = u - r. Calculate the remainder when j is divided by 9.
8
Let z(j) = -9*j**2 - 14*j + 39. Let a(y) = 4*y**2 + 7*y - 19. Let s(r) = -7*a(r) - 3*z(r). Calculate the remainder when 45 is divided by s(-8).
5
Let d(y) = -y + 26. Let n be d(22). Calculate the remainder when 1/2 - 84/(-8) is divided by 1*(-28)/(-8) - 2/n.
2
Let c = 54 + 14. Suppose -2*b = 5*s - 31, -2*b - 3*s + 37 = -4*s. Calculate the remainder when c is divided by b.
14
Let q be -107 - (-1 + 5 - 9). Let f = 117 + q. Calculate the remainder when 117 is divided by f.
12
Let z(f) = -f**3 - 6*f**2 + 3*f - 5. Suppose -8 = 11*q - 7*q. What is the remainder when z(-7) is divided by 11 - (q - 1)*-1?
7
Let c(x) = 5*x**3 - 2*x**2 + 6*x - 11. Calculate the remainder when 423 is divided by c(2).
27
Let g = -142 + 195. What is the remainder when g is divided by 40?
13
Let q = 117 - -20. Suppose -g - q = -6*g + h, 4*g - 3*h - 103 = 0. What is the remainder when 109 is divided by g?
25
Suppose 34 = 7*g - 2*g - 3*y, -g - 3*y = 4. Suppose 8 = d - g. What is the remainder when 259/(-42)*(0 + -6) is divided by d?
11
Suppose -8 = -4*f, 0*f = -i - 4*f + 12. Let c = 9 + i. What is the remainder when 16/(-12) + (-345)/(-9) is divided by c?
11
Suppose 5*j - 65 = o - 4*o, 0 = 3*o - 5*j - 25. Let x = o + 32. Suppose x = -5*f + 6*f. What is the remainder when f is divided by 24?
23
Suppose 5*u - 24 = -3*o + 2, -2*u + 4*o = 0. Calculate the remainder when 5 is divided by u.
1
Calculate the remainder when ((-48)/(-33))/16 + 8733/11 is divided by 114.
110
Let w be -9*(-4)/(-30)*(-10)/3. Suppose 2*o + 2*o - 178 = 2*l, -4*o + 3*l = -173. What is the remainder when o is divided by -7 - -4 - (-112)/w?
22
Let x = -11587 - -11608. What is the remainder when -26*(1 - (-9)/(-1)) is divided by x?
19
Suppose i - 10 = -0*i. Let z(n) = n**3 - 10*n**2 - 11. Let y be z(i). Let c = 11 - y. Calculate the remainder when c is divided by 8.
6
Suppose -213*q - 12 = -225*q. What is the remainder when 13 is divided by q?
0
Calculate the remainder when (-312)/26*5/(-2) is divided by 19.
11
Let v = -49 + 95. Let l(j) = 213*j + 2006. What is the remainder when l(-9) is divided by v?
43
Suppose 10 = z - 5. What is the remainder when (20/8)/(-1)*-22 is divided by z?
10
Let t(o) = 22*o**2 - 1. Suppose -5*g + 10 - 5 = 0. Calculate the remainder when 81 is divided by t(g).
18
Calculate the remainder when 198 is divided by (-75)/175 + 206/7.
24
Let a = 1863 + -1760. What is the remainder when a is divided by 36?
31
Let f(n) = -3*n - 7*n**2 + 3*n**2 - 6*n + 3*n**2 + 15. What is the remainder when 84 is divided by f(-7)?
26
Let v(g) = 35*g**2 - 2*g + 1. Let f(m) = 233*m**3 + m**2 + 17*m - 17. Calculate the remainder when f(1) is divided by v(1).
30
Let p(o) = 9*o - 15. What is the remainder when 78 is divided by p(4)?
15
Let x be (-60)/(-14) - (-2)/(-7). Suppose p = -4*s + 3*s + 19, -4*